
-4
Let j = 5 + -2. Let m(s) be the second derivative of s**4/12 - 2*s**3/3 + 3*s**2/2 - 9*s. What is m(j)?
0
Suppose 2*g - 3*g - 1 = -z, -6 = 2*z + 2*g. Let y(v) be the first derivative of -5*v**2 + 2. Give y(z).
10
Let p(g) be the second derivative of -g**5/120 - g**4/24 + g**3/6 + 2*g. Let d(x) be the second derivative of p(x). Determine d(5).
-6
Let q(g) = -2*g**2 + 8*g. Let i(a) = -3*a**2 + 15*a - 1. Let c(w) = -3*i(w) + 5*q(w). Calculate c(-5).
3
Let j be (1 + -1)*(1 + 0). Let n be 1 - (5 + j - 0). Let z(c) be the third derivative of c**4/12 - 2*c**2. What is z(n)?
-8
Let d(l) = -l - 5. Let v(h) = -5*h**2 + 3*h + 2. Let t be v(-1). Give d(t).
1
Let i(a) = a**2 + 3*a + 1. Let y be i(-4). Let n(m) be the third derivative of m**6/120 - m**5/15 - m**4/6 + m**3/6 - 5*m**2. Calculate n(y).
6
Let a = 8 - 4. Suppose -3 = -a*c + 5. Let v be 2 - (c - (-3)/(-1)). Let p(f) = -2*f**2 + 2*f + 4. Determine p(v).
-8
Let y(k) = -k**2 + k - 2. Let p be (-21)/(-12) - 2/(-8). What is y(p)?
-4
Let w(m) = m**2 - 9*m + 12. Let b be w(8). Let c(u) = -u**2 + 2*u - 2. Give c(b).
-10
Let g(h) = -4*h**2 + 5*h + 6. Let u(k) = k**2 - k + 1. Let i(j) = g(j) + 5*u(j). Determine i(0).
11
Let k be -2 + (-4 - (-3 + -1)). Let u(r) = -r - 1. Let d(w) be the third derivative of -w**3/3 + w**2. Let f(h) = k*u(h) + d(h). What is f(1)?
2
Let x(m) = -m + 6. Let q = 20 - 15. Calculate x(q).
1
Let p(x) be the third derivative of -x**5/60 - x**4/8 - x**3/2 + 16*x**2. Determine p(-3).
-3
Let a be (-4)/24 + (-86)/(-12). Suppose a = -4*n + 23. Let l(i) be the first derivative of i**2/2 - 4*i + 3. Determine l(n).
0
Suppose -2 = -3*m - 8. Let n be -1*7 - m/2. Let t be 3/n*1*6. Let l(h) = h**2 + 4*h + 3. What is l(t)?
0
Let j(q) be the first derivative of q**3/3 - q**2 + q - 4. Suppose u + 3*p = 14 - 3, -4*u = -3*p + 1. Calculate j(u).
1
Suppose h - d - 1 = 5, -3*h = 4*d + 10. Let q(y) be the second derivative of 5*y**3/6 - y**2 - 4*y. Determine q(h).
8
Let x(a) = a**2 - 20*a + 39*a - 25*a + 1. What is x(6)?
1
Suppose 5*d = 9*d - 4. Let i be -2*d/(-2)*-3. Let b(u) be the first derivative of u**4/4 + 4*u**3/3 + u**2/2 - 3*u - 1. Determine b(i).
3
Suppose -6*m + m = -10. Let u = -4 + m. Let h(c) = 3*c**2 - 2*c - 1. Let t(r) = 10*r**2 - 6*r - 4. Let z(a) = u*t(a) + 7*h(a). Give z(3).
4
Let i(m) = 2*m**2 + m. Let h be i(1). Let t(f) = -3*f**2 + 4*f**2 + 0 + 0*f**2 + h*f + 3. Give t(-2).
1
Let q be -6 + 7 + 4/(-1). Let c(f) = -2 + 2 + 4 - f. Calculate c(q).
7
Let y(x) = 3*x**3 - 4 - 5*x**3 + 0*x**3 + x**3 + 10*x**2. Let i be y(10). Let p(j) = j - 1. Calculate p(i).
-5
Let y(q) = q**2 + q. Let n be y(2). Let d(v) = -v**3 + 5*v**2 + 7*v - 5. Determine d(n).
1
Let w(k) be the second derivative of k**7/2520 - k**6/120 - k**4/12 + k. Let x(a) be the third derivative of w(a). Determine x(3).
-9
Let u(n) = 7*n**2 + 10*n - 6. Let w(m) = 20*m**2 + 29*m - 18. Let q(g) = -17*u(g) + 6*w(g). Let v be (-13)/2 - (-5)/10. Calculate q(v).
6
Suppose a + 6 = r, -a - 10 = 5*r + 2*a. Let p(n) = 5*n - 3*n - n + r. What is p(-3)?
-2
Let t(o) = o - 1. Let b be t(-2). Let u(c) = 22 - c - 8 - 7 - 10. Calculate u(b).
0
Let m(k) = k**2 + 3*k. Suppose 12 = 3*a - 3*n, -2*a + 0*n = n - 17. Suppose -c - 4*o + a = -9, -2*c + 2*o - 18 = 0. What is m(c)?
4
Suppose -4*s = 4*i + 43 + 69, 4*s - 4*i = -96. Let o = 18 + s. Let x(f) = -f**2 - 7*f + 11. Give x(o).
3
Let t be 6 - (18/4 - (-2)/(-4)). Let y(j) be the first derivative of j**2/2 - j + 1. Calculate y(t).
1
Let a(v) = v**2 + 2*v - 1. Let i be 526/18 + 2/(-9). Suppose -5*k - 4 = -i. Suppose -k*o = -3*s - 22, -2*s - o - 2*o = 2. Determine a(s).
7
Let w(l) = -l - 9. Let g(b) = -b**2 - 6*b + 32. Let r be g(-10). Give w(r).
-1
Let a(q) be the first derivative of 5/3*q**3 + q + 3*q**2 + 1/4*q**4 - 2. Let z be (-14)/4 + (-3)/6. What is a(z)?
-7
Let b(p) = -3*p**2 + 6*p - 1. Let c(m) = 10*m**2 - 19*m + 3. Let o(g) = 7*b(g) + 2*c(g). Give o(3).
2
Let c = 88 + -93. Let a(f) = -f**2 + 1 - 5*f + 1 + 2*f. Give a(c).
-8
Suppose 3*k - 8 = -k. Suppose -3*x - 4*i = k*x - 2, 0 = -x - 5*i + 13. Let y(h) = -2*h - 2. Determine y(x).
2
Suppose 0 = -f + v + 4*v + 11, 4*f = 3*v + 27. Let q(g) be the second derivative of -g**3/6 + 5*g**2/2 + 3*g. Determine q(f).
-1
Let g(p) be the first derivative of -1/3*p**3 + 3*p + 0*p**2 + 1/4*p**4 - 1. What is g(0)?
3
Let b(x) = -2*x + 4*x + 10*x - x**2 - 7 - 4*x. Calculate b(5).
8
Let y(s) = s - 2. Suppose 5*v - 28 = 4*c - 1, 3 = -c. Let n be 1/v - 33/(-9). Calculate y(n).
2
Let y(s) = -12*s. Suppose 0 = 26*i - 30*i + 4. What is y(i)?
-12
Suppose -2*i = 5*w + 30, 4*i + 13 = -i + 3*w. Let q(f) = -f. Let h(n) = 3*n + 1. Let c(b) = -4*h(b) - 11*q(b). What is c(i)?
1
Let p(h) = 6*h + 1. Let b be -2 - ((-1 - 6) + 2). Let s(i) = -11*i - 2. Let f(d) = b*s(d) + 7*p(d). Calculate f(-1).
-8
Let w(z) = -z**2 + 3 + 0*z**2 - 5 - 5*z. Let j be (-16)/(-7) + -2 - 37/7. Calculate w(j).
-2
Let r(n) be the first derivative of -n**4/4 - 7*n**3/3 - 3*n**2 - 6*n + 11. Determine r(-6).
-6
Let o(m) = -m**2 + m + 11. Suppose -7*z = -2*z. Give o(z).
11
Let m(u) = -u - 4 + 3 + 0. Let d = -8 - -4. Let x be (-39)/(-9) - d/(-12). Calculate m(x).
-5
Let s(f) = 4*f - f**3 - 21*f**2 - 3*f + 6 + 21*f**2. What is s(0)?
6
Let s(q) = 2*q + 4. Let b be (-9)/(-1 + (4 - 2)). Let j be 14/8*(b + 13). Suppose 2*x = 2, -4*x - j = -3*i - 20. Determine s(i).
-2
Let x(a) = -a**2 + 8*a - 9. Suppose i = 2*q - 3*i + 2, -20 = -5*q + 5*i. Suppose q*v = 14*v - 30. What is x(v)?
3
Let j(w) = -w**2 - 4*w + 8. Suppose -4*s + 5*s + 6 = 0. What is j(s)?
-4
Let g(i) be the third derivative of -i**6/120 - 7*i**5/60 + i**4/12 + 5*i**3/3 - 10*i**2. Calculate g(-7).
-4
Let i = 10 - 11. Let n = -4 + i. Let u(d) = -2*d**2 - 6*d + 7. Give u(n).
-13
Suppose -3*s + 4 = -5. Let g(d) = 2*d + 7 + 3*d - 6*d. Calculate g(s).
4
Suppose 0*d = 4*d - 12. Let t(m) be the first derivative of m**2/2 - 2*m + 2. What is t(d)?
1
Let f(i) = i - 5*i - 8*i + 13*i. Give f(1).
1
Let n(y) be the first derivative of -y**4/4 + 4*y**3/3 + 4*y**2 - 7*y + 6. Calculate n(5).
8
Let a(d) be the second derivative of d**3/3 - d**2 - 71*d. What is a(-2)?
-6
Suppose -3 - 1 = -2*q. Let l(k) be the second derivative of 1/6*k**3 - 3*k + 0 + 0*k**q. What is l(-2)?
-2
Let z(g) = -g**3 - 4*g**2 + 3*g - 5. Suppose 0 = -4*u + 58 - 78. Give z(u).
5
Let z(n) = -1 - 2 + 5*n**2 - 7*n**2 + 2*n + 1. Let g = -4 + 6. Give z(g).
-6
Let p(o) be the second derivative of -1/6*o**3 + 1/30*o**5 + 0 + 2*o + 0*o**4 - o**2. Let k(t) be the first derivative of p(t). What is k(-2)?
7
Let g(n) = -6. Let i(a) = a + 6. Let b(c) = 4*g(c) + 3*i(c). Determine b(4).
6
Let o(g) = g - 2. Let i be 1*-3 - (-2 - 0). Let s = i - 2. Calculate o(s).
-5
Let p be (-2)/(-5) + (-8)/(-5). Let d be 5 - -1 - (1 - -1). Let g(t) = -t**3 - 2 + d*t + 2*t - 3*t. Give g(p).
-4
Let w(n) = 3*n + 7 - 6 - 3. Give w(3).
7
Suppose 2*s - 9 + 3 = 0. Let j(k) be the third derivative of 2*k**2 - 1/6*k**4 + 0 + 0*k - k**s - 1/60*k**5. Calculate j(-4).
-6
Let d(l) = -l - 9. Let k(z) = -2. Let o(y) = 1. Let x(q) = -4*k(q) - 7*o(q). Let n(m) = d(m) + 6*x(m). Determine n(0).
-3
Let t(y) be the first derivative of 0*y**2 + 0 + y**2 + 1. Let i = -49 + 53. Calculate t(i).
8
Let u(b) = -4*b**2 + 11*b + 2. Let y be u(2). Let t(w) = w**2 - 8*w + 7. Calculate t(y).
7
Let z(d) = -3*d**2 - 2*d + 1. Let l(h) = -4*h**2 - h + 2. Let y(q) = -2*l(q) + 3*z(q). What is y(-5)?
-6
Let i(z) = z**2 + 4*z. Suppose 4*j + 19 - 3 = 0. Give i(j).
0
Let o(a) = a**3 + 8*a**2 + 8*a + 1. Let h be ((-34)/51)/((-4)/(-42)). What is o(h)?
-6
Let b(i) = -2*i - 8. Let g = -49 - -56. Give b(g).
-22
Let h(o) be the third derivative of -o**4/12 - o**3/2 - 7*o**2. Determine h(-6).
9
Suppose 16 = 3*w + w. Let f = -5 + w. Let h(d) = -5*d**3 + 0*d**3 - 5*d + 4*d. Calculate h(f).
6
Let j(n) = -2*n + 2 - 7 + 4*n. Suppose -2*z + 4 + 4 = 0. What is j(z)?
3
Let k(f) = f - 1. Suppose 3*u + 0*r = -r + 6, -4*u + 8 = -4*r. Let t(w) = w**3 + 5*w**2 - 12*w + 16. Let a be t(-7). Let z = a + u. Calculate k(z).
3
Suppose -10*s + 11*s = 3. Let i(j) = 3*j**2 - 3 - 2*j**2 + 0*j**2 - 3*j. Determine i(s).
-3
Let y(p) be the first derivative of p**3/3 + p**2/2 - p + 10. Let h(g) = -g - 3. Let n be h(-4). Give y(n).
1
Let u(l) = -3*l + 3. Suppose 3*a = 2*m - 20, -m = 2*a + 2*a + 12. 